c - m - 2*m, 0 = -3*c + m + 11. Suppose 6*i - 145 = i - c*g, -63 = -2*i - 3*g. Calculate the remainder when 69 is divided by i.
21
Let t = 7 - -13. What is the remainder when 34 is divided by t?
14
Let t = 110 - 94. Calculate the remainder when t is divided by 4.
0
Suppose -243 = 55*d - 58*d. What is the remainder when d is divided by 14?
11
Let u be 4*1*(-8)/16. What is the remainder when 66 is divided by (4 - 21)/(u/4)?
32
Let v(q) = q**2 - 4*q + 2. Let r be v(4). Suppose p = -0 + r. Calculate the remainder when p is divided by 1.
0
Suppose -3*k - i + 13 = 0, -2*i - i = -12. Let q be (-4)/k*(-6)/4. Calculate the remainder when 5 is divided by (-3 + 4)*(q + 0).
1
What is the remainder when 6/(-10) - (-580)/50 is divided by 4?
3
Let l(n) = 2*n**2 - 6. Let d be l(-2). Suppose j = 18 - 6. Suppose w - d*w = -j. Calculate the remainder when 23 is divided by w.
11
Let o = 2 + 4. Let c = 4 + o. Let k = 11 + -5. Calculate the remainder when c is divided by k.
4
Suppose -4*d = -5*d + 11. What is the remainder when 31 is divided by d?
9
Let z = 4 - 2. Let y = 7 - z. Let n(f) = f**3 - 5*f**2 + 7*f - 4. Calculate the remainder when n(y) is divided by 11.
9
Let k = 64 - 42. What is the remainder when 64 is divided by k?
20
Let i = 1 + 6. Calculate the remainder when 12 is divided by i.
5
What is the remainder when 5 is divided by (0 - 6)/(51/(-34))?
1
Suppose 3*g + 24 = -7*z + 4*z, -3*g - 44 = -2*z. Let t = 27 - 12. Calculate the remainder when (8/g)/((-2)/84) is divided by t.
13
Let u = 75 - 24. Let k = -22 + 38. What is the remainder when k is divided by 1/(2 - u/27)?
7
Let v(h) = -10 + 0*h**2 + 29 - h**2. Suppose 0 = -5*j - 4*x - 39 + 228, 3*x = -4*j + 151. Calculate the remainder when j is divided by v(0).
18
Let q(o) = 28*o + 30. What is the remainder when q(4) is divided by 36?
34
Suppose 3*v + 60 = 6*v. Calculate the remainder when v is divided by 7.
6
Let g = 101 + -58. Suppose -14*a = -9*a. Calculate the remainder when g is divided by (-1 - a)/((-8)/176).
21
Suppose -50 = -2*i - u, 2*i + 4*u = -3*i + 119. What is the remainder when 104 is divided by i?
23
Let l = -20 - -33. Calculate the remainder when l is divided by 5.
3
Suppose w = -5, 4*s + 3*w = -0*w + 65. What is the remainder when 79 is divided by s?
19
Let y(n) = -n**2 + n + 38. Let b = 0 + 0. Let g be y(b). Let l = g - 6. Calculate the remainder when l is divided by 11.
10
Suppose 4*c - 240 = -c. What is the remainder when c is divided by 25?
23
Let t be ((-42)/18)/(1/(-6)). Calculate the remainder when 11 is divided by 4/14 + 38/t.
2
Let v(t) = 49*t**3 + t**2. Let x be v(1). Suppose -x = -5*o + 3*o. What is the remainder when 73 is divided by o?
23
Let n be (-1)/1*20/(-4). Suppose n*h + 74 - 299 = 0. What is the remainder when h is divided by 12?
9
Let v = 22 - -4. Calculate the remainder when v is divided by 15.
11
Suppose u = v - 51, 3*u - 8*u + 15 = 0. Calculate the remainder when v is divided by 21.
12
Let u(g) = 4*g**2 + 8*g. Let r be u(-7). Suppose r = 4*b + 4*s, -5*b - 5*s = -s - 174. Calculate the remainder when b is divided by 12.
10
Let a(w) = w**2 - 8*w - 1. Let p be a(8). Let b be p - 0 - 0 - -236. What is the remainder when (-2)/3 + b/15 is divided by 8?
7
Let o(s) = -s**2 - 5*s + 8. Let q be o(-7). Let d = 11 + q. Calculate the remainder when d is divided by 2.
1
Let j(f) = f**3 - 2*f**2 - f - 5. Let i(q) = -3*q. Calculate the remainder when j(4) is divided by i(-4).
11
Let j(t) = 25*t**2 + 1. Let u be j(1). Suppose -5*b + u = -3*b. What is the remainder when 36 is divided by b?
10
Let h(l) = -2*l + 1. Let m be h(-4). Let r = 15 - m. Calculate the remainder when 15 is divided by r.
3
Let f = 14 + -10. Let l(m) = -m**2 + 8*m - 3. Let h be l(5). Suppose s = -r + 7, 3*r - 2*s + h = 53. Calculate the remainder when r is divided by f.
3
Let n = -1 + 10. Let x(i) = -i**3 + i**2 + 2*i - 1. Let j be x(-2). Let a = 10 + j. What is the remainder when a is divided by n?
8
Let h = 379 - 256. What is the remainder when h is divided by 31?
30
Let y(v) = v**3 - v**2 - v + 2. Suppose 0 = -0*n - 4*n + 200. What is the remainder when n is divided by y(3)?
16
Let v(d) = -103*d + 2. What is the remainder when v(-1) is divided by 27?
24
Calculate the remainder when ((-4)/(-20) - (-18)/(-15)) + 27 is divided by 9.
8
Let d = 59 - 40. Let x be 2/(-7) + (-16)/(-7). Let q = 12 - x. What is the remainder when d is divided by q?
9
Suppose -6*y + 123 = k - 2*y, -25 = -5*y. Let i(r) = r**3 + 7*r**2 + 7*r + 6. What is the remainder when k is divided by i(-4)?
25
Suppose -43 = -3*k + 14. What is the remainder when 56 is divided by k?
18
Let g(s) = s**2 - 3*s + 3. Let h = 4 + 2. What is the remainder when 40 is divided by g(h)?
19
Let b(g) = -g**3 + 3*g**2 - 3*g + 2. Let s be b(2). Suppose z - 17 = -s. What is the remainder when z is divided by 10?
7
Calculate the remainder when -4 + -1*(-1035)/3 is divided by 57.
56
Suppose 0 = 3*v + 3 + 9. Let u(j) = -j**2 - 4*j + 4. Calculate the remainder when 11 is divided by u(v).
3
Let d = -21 + 27. What is the remainder when 28 is divided by d?
4
Let r(w) = -6*w. Let y = 5 + -7. Calculate the remainder when r(y) is divided by 5.
2
Let j = -22 - -35. Calculate the remainder when (2/(-4))/((-3)/144) is divided by j.
11
Let j(b) = -6*b + 5*b + 1 + 3*b - 4*b. What is the remainder when 25 is divided by j(-4)?
7
Let m(r) = 2*r + 0 - r + 0. Let d be m(-6). Let p(i) = -i**3 - 7*i**2 - 9*i - 7. Calculate the remainder when p(d) is divided by 6.
5
Let b = 27 - 23. Suppose b*f = -73 + 373. What is the remainder when f is divided by 26?
23
Let r be 104/39*(-3)/(-2). Calculate the remainder when 23 is divided by (2 - -2) + -3 + r.
3
Suppose -28 = -3*y + 5*m, 2*y + 72 = 6*y + 2*m. Let s = -7 + y. Suppose 2*k = 2*j + 102, 58 + s = k - 5*j. What is the remainder when k is divided by 12?
11
Suppose -3*g + i + 7 = 2, -4*g = -i - 7. Suppose -g*q + 174 = q. Suppose 13*d + 45 = 16*d. Calculate the remainder when q is divided by d.
13
Suppose 16*p - 93 = 15*p. Calculate the remainder when p is divided by 16.
13
Let f(o) = o**3 - 7*o**2 + 2*o - 9. Let p be f(7). Suppose -3*d + 2 = -3*m - 31, 5*m - 105 = -p*d. Calculate the remainder when 47 is divided by d.
15
Let b(k) = k**3 + 12*k**2 - k - 3. Let n be 304/(-24) - (-4)/6. What is the remainder when 25 is divided by b(n)?
7
Suppose 6*c = 3*c + 15. Suppose 5*g + 9 = -2*i, 0*i - 24 = -3*i + c*g. What is the remainder when 8 is divided by i?
2
Let g be 1*-3 + 2*-1. Let f = g - -14. Let k = 20 - 4. What is the remainder when k is divided by f?
7
Let x(j) = j**2 + 10*j + 27. What is the remainder when 22 is divided by x(-9)?
4
Let q(d) = -32*d + 6. Calculate the remainder when q(-1) is divided by 11.
5
Let h = 2 - -4. Calculate the remainder when 34 is divided by h/(-6) - 2*-4.
6
Suppose -5*h - 11 + 396 = 0. Calculate the remainder when h is divided by 40.
37
Suppose 7*l - 4*l - 60 = 0. What is the remainder when l is divided by 7?
6
Calculate the remainder when 16 is divided by 60/8*4/3.
6
Suppose 0 = -2*q - 7*q + 252. Let j = -11 + 66. What is the remainder when j is divided by q?
27
Suppose -2*z - 5*t + 20 = 0, 5*z - 2*t - 21 = -0*t. Let r(d) = d**3 - 3*d**2 - 7*d - 1. Calculate the remainder when 40 is divided by r(z).
12
Let c = 8 - 3. Let l = 15 - 27. Let g = 20 + l. Calculate the remainder when g is divided by c.
3
Let t(a) = -a**2 - 7*a - 6. Let c be t(-5). Let f = c + 13. Suppose -2*r - 2*r + 196 = 0. What is the remainder when r is divided by f?
15
Suppose -r + 25 = 5. Calculate the remainder when r is divided by 12.
8
Let a = -30 + 36. What is the remainder when 11 is divided by a?
5
Let d(p) = p**3 - 6*p**2 + 5*p - 3. Let h be d(5). Suppose f = -1 + 4. Calculate the remainder when 7/(-4 + 2 - h) is divided by f.
1
Let p(c) = 4*c - 15. What is the remainder when p(18) is divided by 20?
17
Let z(g) = -2 + 5 - 3*g + 4*g. Calculate the remainder when -5*(0 - 1 - 2) is divided by z(5).
7
Let j(x) = 12 + x**3 + 10*x - 11*x**2 + 2*x**3 - 2*x**3. Suppose 3*w + 81 = 3*y, 4*y + 4*w = -0*y + 76. Calculate the remainder when y is divided by j(10).
11
Let b = -1 + -2. Let j = b - -5. What is the remainder when 21 is divided by (3 + 8)*(j - 1)?
10
Let m = 0 - -1. Calculate the remainder when ((-2)/(-4))/(m/64) is divided by 17.
15
Let d(